25*f - 101. Give c(4).
-1
Let a(c) = c**3 + 132*c**2 + 391*c + 530. Give a(-129).
14
Let w(v) = 6*v**2 - 33*v - 22. Determine w(7).
41
Let k(u) = u**2 - 108*u + 1776. What is k(20)?
16
Let z(j) = j**2 + 56*j + 280. Calculate z(-5).
25
Let s(o) = -334*o - 33397. Calculate s(-100).
3
Let y(u) = 2*u**3 - 51*u**2 - 27*u + 35. What is y(26)?
9
Let n(p) = -p**3 + 6*p**2 - 27*p + 480. Determine n(9).
-6
Let x(g) = 5*g**3 - 484*g**2 + 848*g + 672. What is x(95)?
7
Let o(d) = 3*d**3 + 51*d**2 + 18*d + 306. What is o(-17)?
0
Let k(r) = -52*r**2 + 1869*r + 112. Give k(36).
4
Let h(z) = -z**2 - 55*z + 21. Determine h(-56).
-35
Let t(h) = 2*h**3 - 53*h**2 - 134*h - 329. Determine t(29).
-10
Let f(v) = v**3 - 12*v**2 - 178*v - 135. Determine f(-8).
9
Let r(h) = -24*h + 479. Give r(20).
-1
Let z(w) = 69*w + 2239. Determine z(-33).
-38
Let k(b) = -57*b + 4452. Determine k(78).
6
Let p(u) = -u**3 - 39*u**2 + 85*u + 200. Give p(-41).
77
Let u(x) = -x**3 + 15*x**2 + 77*x + 63. What is u(20)?
-397
Let w(r) = -r**3 - 23*r**2 - 45*r - 71. Calculate w(-21).
-8
Let r(c) = -c**3 + 28*c**2 - 47*c - 168. Calculate r(26).
-38
Let i(d) = 259*d + 3883. Determine i(-15).
-2
Let w(c) = 7*c**3 + 2*c**2 + 8*c + 1. Calculate w(-2).
-63
Let x(n) = -n**2 + 768. Give x(28).
-16
Let l(u) = u**3 - 11*u**2 + 12*u - 34. Determine l(10).
-14
Let z(p) = -p**2 - 66*p - 1061. Determine z(-34).
27
Let u(w) = -201*w - 5031. Calculate u(-25).
-6
Let r(b) = -37*b**2 - 185*b - 2. Give r(-5).
-2
Let a(v) = -78*v - 14625. Give a(-187).
-39
Let t(k) = -384*k + 5. Determine t(0).
5
Let x(h) = -h**2 + 105*h - 2220. Determine x(95).
-1270
Let s(l) = l**3 + 46*l**2 - 3*l - 137. Give s(-46).
1
Let g(u) = -83*u - 333. Determine g(-4).
-1
Let k(s) = s**2 + 65*s + 556. Determine k(-10).
6
Let q(s) = -s**3 - 20*s**2 - 37*s - 12. Calculate q(-19).
330
Let k(t) = 342*t + 28386. What is k(-83)?
0
Let i(w) = 56*w**2 + 19*w - 20. Calculate i(-5).
1285
Let v(r) = r**3 - 70*r**2 + 82*r - 55. What is v(69)?
842
Let u(m) = 51*m - 3583. Give u(70).
-13
Let y(u) = 10*u**2 + 104*u - 12. Give y(-11).
54
Let n(v) = 2*v**3 + 10*v**2 - 15*v - 26. Determine n(-5).
49
Let u(g) = -g**3 - 59*g**2 - 70*g - 708. Determine u(-58).
-12
Let y(z) = 2*z**3 - 36*z**2 - 177*z + 2647. Calculate y(19).
6
Let n(y) = -39*y**2 - 1485*y - 118. What is n(-38)?
-4
Let p(f) = 265*f + 1839. Calculate p(-7).
-16
Let q(k) = 1042*k - 14580. Calculate q(14).
8
Let m(n) = 70*n**3 - 9*n**2 + 15*n - 16. Determine m(2).
538
Let f(o) = -8*o**2 + 25*o + 61. Calculate f(-3).
-86
Let m(g) = 14*g**3 + 108*g**2 + 60*g - 12. Give m(-7).
58
Let i(g) = g**3 - 16*g**2 + 22*g - 16. What is i(11)?
-379
Let f(p) = 3*p**3 + 6*p**2 - 13*p - 24. Determine f(4).
212
Let w(k) = 60*k**3 + 599*k**2 - 12*k + 16. Calculate w(-10).
36
Let f(v) = -20883*v - 83526. Determine f(-4).
6
Let c(z) = -z**2 + 738*z + 3687. Give c(-5).
-28
Let d(y) = 6*y**2 - 4*y - 23. Determine d(2).
-7
Let j(r) = 2*r**3 + 80*r**2 + 3*r + 105. Determine j(-40).
-15
Let f(i) = -50*i + 66. Calculate f(-3).
216
Let f(g) = 2*g + 129. Calculate f(-8).
113
Let n(q) = q**2 + 1379*q - 9663. Give n(7).
39
Let c(p) = 316*p + 14250. Give c(-45).
30
Let z(g) = 22300*g - 44609. What is z(2)?
-9
Let o(t) = -87*t**2 + 5322*t - 904. Give o(61).
11
Let z(b) = b**3 + 17*b**2 + 16*b - 241. Give z(-13).
227
Let x(f) = f**3 + 7*f**2 - 132*f - 1030. Calculate x(-9).
-4
Let d(a) = a**2 + 138*a - 2990. Determine d(19).
-7
Let u(l) = -31172*l - 124685. Determine u(-4).
3
Let r(q) = 10*q**2 - 627*q - 258. What is r(63)?
-69
Let t(c) = 251*c - 2464. Give t(10).
46
Let u(n) = 12730*n - 254610. Give u(20).
-10
Let g(h) = -h**3 - 4*h**2 + 25*h + 23. Calculate g(-7).
-5
Let z(x) = 2*x**3 - 20*x**2 + 46*x - 29. Calculate z(7).
-1
Let s(o) = -o**3 + 14*o**2 + 42*o + 509. Give s(18).
-31
Let s(o) = 3*o**3 + 45*o**2 - 46*o + 36. What is s(-16)?
4
Let i(k) = -k**3 - 20*k**2 - 98*k + 136. Calculate i(-8).
152
Let r(w) = w**3 + 13*w**2 + 25*w + 16. Determine r(-11).
-17
Let l(t) = -26*t**2 + 701*t + 20. Give l(27).
-7
Let b(f) = -719*f + 3530. Calculate b(5).
-65
Let p(z) = -2*z**3 - 14*z**2 - 21*z - 13. Calculate p(-6).
41
Let w(s) = -s**3 + 29*s**2 - 201*s + 185. Give w(9).
-4
Let w(m) = 4*m**2 - 29*m - 15. Calculate w(8).
9
Let w(f) = -f**3 - f**2 + 45*f + 67. Calculate w(7).
-10
Let q(m) = m**3 + 22*m**2 + 18*m + 7. Determine q(-21).
70
Let p(y) = -y**3 - 9*y**2 + 117*y + 1048. Calculate p(-9).
-5
Let p(a) = 119*a - 14835. Give p(124).
-79
Let b(g) = 18*g**3 - 122*g**2 - 20*g - 18. Calculate b(7).
38
Let x(s) = 48*s - 4350. Determine x(94).
162
Let u(p) = 12*p + 153. Determine u(-15).
-27
Let w(g) = -11*g - 154. Determine w(30).
-484
Let i(p) = 63*p + 475. Give i(-6).
97
Let l(z) = 2*z**3 - 47*z**2 - 321*z + 45. Give l(29).
-13
Let q(v) = v**3 + 33*v**2 + 47*v + 464. What is q(-32)?
-16
Let t(c) = -25*c**2 + 51*c - 102. Calculate t(2).
-100
Let d(g) = g**2 + 20*g - 1026. What is d(21)?
-165
Let i(l) = -84*l**2 + 11*l + 25. Give i(-2).
-333
Let g(x) = -18*x + 750. Calculate g(40).
30
Let u(w) = 2*w**2 - 134*w + 865. What is u(7)?
25
Let f(m) = m**3 + 34*m**2 + 184*m + 464. Determine f(-28).
16
Let m(x) = 24*x - 2347. What is m(102)?
101
Let x(z) = -67*z - 1543. Give x(-23).
-2
Let l(s) = s**3 + 2*s**2 + 1783*s - 5354. What is l(3)?
40
Let p(v) = -v**3 - 12*v**2 + 45*v - 8. Calculate p(-15).
-8
Let h(q) = -3*q**3 + 37*q**2 + 10*q + 209. Give h(13).
1
Let f(d) = -d**2 - 61*d - 773. Calculate f(-42).
25
Let t(n) = 533*n + 3237. Determine t(-6).
39
Let x(v) = -8881*v + 17767. Determine x(2).
5
Let c(u) = -115*u**2 + 2416*u - 19. Calculate c(21).
2
Let r(v) = -7*v - 117. Calculate r(1).
-124
Let f(x) = -194*x - 1570. Determine f(-8).
-18
Let g(y) = -266*y - 5407. What is g(-20)?
-87
Let v(w) = 92*w + 1093. Calculate v(-12).
-11
Let i(m) = -194*m - 421. Determine i(-2).
-33
Let k(j) = -250*j**3 - j**2 - 57*j + 59. Calculate k(1).
-249
Let t(q) = 70*q - 13. Give t(4).
267
Let n(g) = -176*g + 5. Give n(1).
-171
Let q(h) = h**3 - 98*h**2 + 3*h - 300. What is q(98)?
-6
Let q(r) = -11*r**2 - 195*r - 862. Give q(-8).
-6
Let l(g) = 4*g**3 - 17*g**2 + 15*g + 27. Calculate l(2).
21
Let l(i) = -32*i - 51. What is l(-10)?
269
Let d(u) = -u**2 - 45*u + 291. Calculate d(6).
-15
Let r(c) = -71*c - 1744. What is r(-21)?
-253
Let k(n) = -1899*n - 1904. Give k(-1).
-5
Let x(s) = -681*s + 34737. Determine x(51).
6
Let t(n) = -3*n**3 + 68*n**2 + 31*n - 8. What is t(23)?
176
Let k(l) = 3*l**3 - 39*l**2 - 40*l - 27. What is k(14)?
1
Let r(b) = -b**2 - 35*b + 53. Give r(-31).
177
Let x(j) = 20*j**2 + 710*j - 71. Give x(-36).
289
Let u(i) = -21*i**2 - 37*i + 72. Determine u(2).
-86
Let w(s) = s**3 + 22*s**2 + 54*s + 1. Determine w(-19).
58
Let h(w) = w**2 - 392*w + 784. Determine h(2).
4
Let l(c) = 1534*c + 75180. Determine l(-49).
14
Let c(i) = -104*i**2 - 10*i + 11. Give c(1).
-103
Let m(u) = -64*u + 564. Calculate m(8).
52
Let k(o) = 12*o**2 - 55*o + 7. What is k(4)?
-21
Let i(o) = o**3 - 8*o**2 + 25*o - 52. Give i(5).
-2
Let m(q) = -3*q + 53. Calculate m(21).
-10
Let q(w) = -2*w**3 - 32*w**2 - 13*w + 195. What is q(-15)?
-60
Let w(s) = -s**3 + 27*s**2 + 5*s + 32. Determine w(0).
32
Let z(o) = 16*o**2 + 119*o + 160. Give z(-6).
22
Let q(p) = -74*p**2 - 231*p - 31. Calculate q(-3).
-4
Let q(m) = 277*m + 9979. Determine q(-36).
7
Let r(t) = -7*t**3 - 115*t**2 - 238*t + 2. Give r(-14).
2
Let v(y) = -26*y + 164. Calculate v(23).
-434
Let z(n) = n**2 - 56*n - 670. Determine z(-15).
395
Let l(p) = 156*p - 578. Calculate l(5).
202
Let m(p) = -p**3 - 13*p**2 - 18*p - 19. What is m(-7)?
-187
Let m(y) = 10*y - 75. Determine m(-9).
-165
Let y(f) = -70*f - 994. Determine y(-14).
-14
Let z(b) = b**2 - 33*b - 228. Calculate z(-9).
150
Let m(k) = -k**3 + 18*k - 8. What is m(0)?
-8
Let m(w) = 9*w**2 + 91*w - 14. Calculate m(-11).
74
Let w(f) = 182*f - 3272. Calculate w(18).
4
Let i(h) = h**3 - 50*h**2 - 215*h - 56. What is i(54)?
-2
Let c(p) = 2*p**3 - 11*p**2 - 22*p + 108. Determine c(4).
-28
Let v(c) = 245*c + 698. Determine v(-4).
-282
Let s(l) = -82*l - 265. What is s(-3)?
-19
Let h(k) = -408*k + 2456. What is h(6)?
8
Let s(g) = -g**3 - 23*g**2 - 34*g + 164. Determine s(-21).
-4
Let q(y) = -y**2 + 161*y + 1182. What is q(-7)?
6
Let q(k) = k**2 + 39*k - 42. Calculate